 i(u) = -u**3 - 5*u**2 - 6*u - 5. Let w be i(-4). Suppose 3*k - 6*k = -m + 10, -3*m + 6 = -w*k. Let f = 17 - k. Is f prime?
False
Suppose 4*d = 4*z - 8, 2*d - 1 = 4*z + 1. Let w(c) = -c**3 - 3*c**2 - c - 1. Let b be w(z). Is 55*1 + b/(-1) a prime number?
True
Let d be 16/(-20)*10/(-2). Let w(o) = 4*o + 11 + d*o**2 - 2*o**2 - 3*o - o**2. Is w(0) prime?
True
Suppose -3*p = 2*o - 0*p - 413, 0 = -4*o - p + 841. Is o composite?
False
Let t be 10/(-35) - (-24)/(-14). Let s = t - -2. Suppose s = -0*w + w - 115. Is w a prime number?
False
Let b be (6 + 0)*8/(-3). Let w = b + 35. Is w a prime number?
True
Let y(k) = k - 6. Let z be y(9). Suppose -3*i = 2*w - 14 - 1, -z*i = -9. Suppose w*b - 61 = d + 94, d - 110 = -2*b. Is b prime?
True
Let y = 18 + -26. Let q(s) = s**2 - 9. Is q(y) a composite number?
True
Let k(l) = 15*l**2 - 17*l + 19. Is k(13) a prime number?
True
Suppose -29304 = -4*p + 21452. Is p a prime number?
True
Suppose -h + 3*h - 64 = 0. Let g = -29 - -16. Let z = h + g. Is z a composite number?
False
Is 1/(-4) + 16825/20 composite?
True
Suppose -4*d - 9182 = -2*g, 0 = 4*g + 6*d - 4*d - 18324. Is g composite?
False
Let q(u) = -u - 1. Let j = -15 - -8. Is q(j) composite?
True
Let i = -118 + 165. Suppose -i = 3*p - 4*p. Is p a prime number?
True
Let w = 705 - 442. Is w prime?
True
Suppose -4 = -0*u + 4*u. Let p(n) = -36*n**3 + n**2 + n + 1. Is p(u) composite?
False
Is (17 + 0)/((-8)/(-568)) prime?
False
Suppose 4*j - j = 141. Is j a composite number?
False
Let z(f) = -f**2 + f. Let g be z(0). Suppose s - 2*s - 30 = g. Let j = s - -63. Is j a prime number?
False
Suppose -3*j + 0*j = -q - 1989, 5*j = -5*q + 3295. Is j prime?
False
Let j = 327 - 232. Suppose -4*t - j = -5*t. Suppose t = l - 66. Is l composite?
True
Suppose 0 = 5*t - 5*n + 10, 2*t - 2*n + 4*n = 8. Is (t/(-1))/((-2)/14) a prime number?
True
Suppose 5*z + 5*o = 45, -4*z + o - 6*o + 41 = 0. Let t be (2/z)/((-4)/48). Let f(j) = -j**3 - 3*j**2 - 2*j - 5. Is f(t) prime?
False
Suppose 2*n = -4*z - 7 - 9, 4*n = -4*z - 48. Suppose 0 = -3*b - 4*p - 1 + 6, -10 = -3*b - 5*p. Let y = b - n. Is y a composite number?
False
Let b = -8 - -8. Let d = 19 + b. Is d a prime number?
True
Let h(c) be the third derivative of -c**6/120 + c**5/20 - c**4/6 + c**3/3 - 3*c**2. Let k be h(2). Let w(a) = -10*a**3 + a**2 + 3*a + 1. Is w(k) prime?
True
Suppose -k - r + 171 = 3*k, -3*k + 130 = -r. Is k a prime number?
True
Is (410 - (-3)/3) + -2 a composite number?
False
Let m be ((-4)/(-1))/(-4)*-33. Let w(r) = 3*r + 2. Let x be w(4). Let f = m - x. Is f a prime number?
True
Is (-2190)/(-66) - (-4)/(-22) a composite number?
True
Let f(n) = 52*n**2 + 2*n - 3. Is f(2) a prime number?
False
Suppose 3*f - 4*f = 5. Let k = -3 - f. Suppose -3*z + 138 - 37 = k*i, -2*i = -5*z - 125. Is i a composite number?
True
Suppose 265 = 2*z - 3. Is z composite?
True
Suppose k - 3163 = -0*k. Is k a composite number?
False
Suppose 0 = -9*q + 7*q + 1574. Is q a prime number?
True
Let c(k) = 2*k**2 + 9*k - 11. Let w be c(-8). Suppose l - 4*l = -w. Let x = l - 6. Is x prime?
False
Let j(c) = c - 5. Let n be j(-3). Is (1228/n)/((-1)/2) prime?
True
Let n(q) = q**3 + 3*q**2 + 1. Suppose -2*c + 3 + 1 = 0. Suppose -c*g + 6 = -0*g. Is n(g) a prime number?
False
Suppose -v - 5 = 26. Let w = 98 + v. Is w a prime number?
True
Let w = 1870 - 309. Is w a composite number?
True
Suppose -x - 28 = 5*h, h - 22 = 4*h - 2*x. Is ((-2)/h)/((-3)/(-333)) composite?
False
Suppose 0*b + 2*h - 30 = -3*b, 4*h = -b. Suppose 4*v + b - 4 = 0. Is (2 - 3) + v + 10 a prime number?
True
Suppose -1 = -3*l - 13. Let r = 8 + l. Suppose -r*w + 57 = j, -j - 2*w = 12 - 65. Is j a prime number?
False
Suppose 5 + 10 = 5*z. Let t be (-1 - -7)/(4/26). Suppose z*m - t = 126. Is m a composite number?
True
Let k = 1827 - 248. Is k composite?
False
Suppose c - 524 = -c. Let u(o) = -2*o - 10. Let b be u(-5). Suppose -j + 131 = 3*a, 5*a - c = -2*j - b*a. Is j a prime number?
True
Let q = 3030 - 1817. Is q prime?
True
Suppose 92 = m - 449. Is m a composite number?
False
Let x(s) = 16*s**2 - 21*s + 4. Is x(7) prime?
True
Let b be (-26)/(-6) + 3/(-9). Suppose b*h - 58 = -18. Is h a composite number?
True
Is ((-1830)/(-14))/1 - 14/(-49) a composite number?
False
Let i = 1 + -1. Suppose -3 = -4*y + 5. Suppose 4*p + i*p = 4*v - 36, y*v - 18 = 5*p. Is v composite?
True
Suppose 4 = i + 2. Suppose -5*s - 4*n - 2 = 10, -3 = -i*s + n. Suppose 3*z + s*z = 39. Is z a prime number?
True
Suppose -3*r = -5*i + 46, 49 + 27 = -4*r + 3*i. Let b be (-3)/12 - r/(-8). Let f = b - -9. Is f a composite number?
True
Suppose 33*c = 35*c - 142. Let z(d) = 104*d**2. Let v be z(1). Let k = v - c. Is k composite?
True
Suppose -8 = -0*j - 2*j. Suppose 3*g + 928 = -0*d + j*d, 3*d + g = 709. Is d prime?
False
Let y(h) = 191*h + 17. Is y(4) a composite number?
True
Suppose 3*s + 85 = -3*y - 2*y, s + y + 31 = 0. Let i = -47 - -26. Let w = i - s. Is w composite?
True
Suppose -15 - 5 = -4*l. Suppose -l*h + 0*h + 2585 = 0. Suppose -h = -5*p + 118. Is p a prime number?
True
Let a(i) = 4*i**2 + 4*i - 7. Let k be a(-6). Let q(p) = -p**3 - 8*p**2 + 2*p + 17. Let x be q(-7). Let u = k + x. Is u a prime number?
True
Let h = -13 + 8. Let p = h + -1. Let y = p + 12. Is y a composite number?
True
Suppose 2*y - 2*o - 1482 = 0, -5*o - 633 = -y + 100. Is y prime?
True
Suppose -3*v = -2*v. Let l(m) = -8*m + 7*m + m**2 + 53 + 2*m + m**3. Is l(v) prime?
True
Suppose 5*c - 19 = 1. Let h = -5 - -9. Is (33/h)/(1/c) prime?
False
Suppose -294 = -3*j + 123. Is j composite?
False
Let x(r) = -320*r - 47. Is x(-12) a prime number?
True
Let t = 1578 - 691. Is t a prime number?
True
Suppose 2 - 12 = 2*h, v = -h. Suppose -2*m + x - 1 - v = 0, 0 = -m - 4*x + 15. Is 79/1 + m + 1 a composite number?
False
Let k(b) be the first derivative of -1 - 1/4*b**4 + b**3 - 3*b + 2*b**2. Is k(3) a prime number?
False
Let u = 2 + 613. Suppose -4*p + i = -809, -3*p - 2*i = -0*i - u. Is p a composite number?
True
Is (12/8 + -1)/((-4)/(-5608)) a composite number?
False
Let o be 2/9 + (-2224)/(-36). Is 24/(-32) - o/(-8) a prime number?
True
Suppose 0 = 3*a - 562 + 160. Is a prime?
False
Let g = 7 - 7. Suppose g*l - l - 4 = 0. Is 5/(10/l) - -93 a prime number?
False
Let z be 3/15 + (-796)/5. Is (3 + 0 - z) + 1 prime?
True
Let v be (-2)/(2 - (2 - -2)). Let u be (v - 0)*5/(-5). Is (-2 - -1) + (33 - u) a composite number?
True
Let z = -1475 + 4338. Is z a composite number?
True
Let m = 517 + -284. Is m a prime number?
True
Let m be -1 + -3 - -3 - -4. Let s be -14*(-2)/4*3. Suppose -5*y - 38 = -3*j, m*j - 4*y + s = 55. Is j a composite number?
True
Let q(f) = -f**3 + 5*f**2 - 4*f - 1. Let l be q(3). Let y(p) = p**2 + p - 2. Let h be y(l). Suppose 2*r - 262 = h. Is r a prime number?
False
Let n(x) = -1 - 10 - 2*x**2 - 7*x + 2 + 5*x**2. Is n(8) a prime number?
True
Let i = -1359 - -3440. Let k = i + -1026. Is k a prime number?
False
Let a(l) = 2*l**3 - 4*l**2 + l - 2. Suppose 6*n - 2*n = 12. Is a(n) a composite number?
False
Suppose 0 = -4*a + 6*a + 762. Is 1/(-1*3/a) composite?
False
Suppose 5*u - 6 = 3*s, 4*u - 2 = -0*s + s. Let k be s/6 - (-445)/(-15). Is 696/k*10/(-4) a prime number?
False
Suppose 3*f - 258 = 207. Is f a prime number?
False
Let q(d) = 3*d - 1. Let j be q(1). Suppose -j*h = 3*h - 275. Is (3 - 1) + (h - 2) prime?
False
Let a(h) = -2*h + 0*h - 5 - 7*h - 6. Is a(-10) prime?
True
Let s(m) = 15*m + 5. Suppose 5*y = -p - p + 2, -y + 14 = -3*p. Let r = 10 + p. Is s(r) a prime number?
False
Suppose -5*d - 88 - 62 = 0. Let g = -14 - d. Suppose -5*k + g = -k. Is k prime?
False
Is (2 - -1) + (1411 - 5) a composite number?
False
Let j(w) = -w**3 + 10*w**2 + 18*w - 4. Is j(7) a composite number?
False
Let u be (-12)/21 + 9/(-21). Is (22 - u)/((-5)/(-5)) prime?
True
Let n = 6 + -3. Let y be (-2)/(-3) - (-118)/n. Suppose 5*b = -5, y = 4*w - 5*b - 113. Is w prime?
True
Let j(h) = -h**3 - 7*h**2 - 9*h. Let u be j(-6). Is u/(-117) + 1705/13 composite?
False
Suppose m + 216 - 2103 = 0. Suppose -6*j + 3*j + m = 0. Is j a composite number?
True
Let j(n) = -n**3 + 6*n**2 + 3*n + 5. Suppose 5*a - 10 = -0*a. Let y = a - -4. Is j(y) composite?
False
Is ((-2 + -95)*-1)/1 prime?
True
Suppose -5*y - 2*u + 2598 = -749, -3*u + 3343 = 5*y. Is y composite?
True
Let h(g) = g**2 +